the greatest common divisor of a and p.
21
Let d be (-126)/(-10) - 8/(-20). Let y be ((325/10)/5)/(4/232). What is the highest common factor of d and y?
13
Let q be (2050*1/(-3))/((196/(-63))/14). Calculate the highest common factor of q and 45.
15
Suppose -21 = -3*d - 18. Suppose 4*z + 0*z + 4*a - 16 = 0, -a + 4 = 2*z. Suppose 2*p - 2 + z = 0. What is the greatest common divisor of d and p?
1
Let z(t) be the first derivative of -107*t**2/2 + 3*t - 63. Let p be z(-1). What is the greatest common divisor of p and 44?
22
Let n = 4300 + -4248. What is the highest common divisor of 4602 and n?
26
Suppose -64474 = 163*k - 762766. Calculate the greatest common divisor of 140 and k.
28
Let j = 131 - 85. Suppose 8*r - j = 6*r. Calculate the highest common divisor of 391 and r.
23
Let f(x) be the first derivative of -x**2 - 5*x - 19. Let s be f(18). Let k = s - -279. Calculate the greatest common divisor of 34 and k.
34
Let f = -621 - -626. Suppose 0 = -9*q + 4*q - 5*v + 195, -f*q + 5*v = -245. Calculate the greatest common factor of q and 594.
22
Let c = -8905 - -8946. Suppose -4*t - 41 = -5*t. Calculate the greatest common divisor of c and t.
41
Let u be -230*17/(-204)*12. What is the highest common divisor of u and 70?
10
Let g = 622 + -112. Let w = -475 + g. What is the greatest common factor of w and 63?
7
Let s = 24 - -3. Suppose -7*q = -11*q + 5*w + 191, -5*q + w + 265 = 0. Suppose -8*k = -5*k - q. Calculate the highest common factor of s and k.
9
Suppose -5*c + 33929 = 6339. What is the highest common factor of 62 and c?
62
Suppose 3*w - 5*o = 66, -5*w + o = -2*w - 66. Let u(b) = -27*b - 268. Let d = 104 + -114. Let p be u(d). What is the highest common divisor of p and w?
2
Let i be 8/(-36)*(-12995)/46 + 2/9. Calculate the greatest common factor of i and 2016.
63
Suppose 4*m + 4 = 5*m. Let s be 2*(m + -6 + 19/2). Let p be 42/15 - 3 - (-303)/s. What is the greatest common divisor of 4 and p?
4
Let o(t) = t**3 + 7*t**2 - 10*t + 3. Let b be o(-8). Let r = b - 21. Let c(p) = -3*p**3 - p + 2. Let g be c(r). What is the greatest common factor of g and 4?
4
Let z(g) = -449*g + 59. Let f be z(0). What is the highest common divisor of 5 and f?
1
Let x be (-3)/2 + -6*303/(-12). Suppose -k + x = -0*k. Calculate the greatest common divisor of 525 and k.
75
Let j(u) = 134*u**3 - u**2 - 17*u + 47. Let a be j(2). What is the highest common factor of 47 and a?
47
Let d(c) = -373*c - 1087. Let m be d(-3). Calculate the highest common divisor of 4912 and m.
16
Let t be -3*1*(101 + 16/(-4)). Let m = t + 323. Calculate the greatest common factor of m and 96.
32
Suppose -5*v = -2*v - 264. Let w be 160/v + (-4)/(-22). Let t(o) = 19*o - 34. Let l be t(2). Calculate the greatest common factor of w and l.
2
Let p be (-4 - 0)/((-3)/(-2) - 2). Let i be (-42)/(-56) + 2/p. Let t be (-8)/3*i/((-1)/18). What is the highest common divisor of 32 and t?
16
Suppose 5*m - 15 = 0, -3*x - 243 = -8*x - m. What is the highest common factor of x and 3072?
48
Let d(h) be the second derivative of h**5/20 + 23*h**4/12 - 11*h**3/2 - 23*h**2 + 43*h - 1. Let u be d(-23). What is the greatest common divisor of 23 and u?
23
Suppose -10 = 8*a - 66. Suppose a*r - 9 = 16*r. Let n be 5 + 32 - 4*r. What is the greatest common divisor of 82 and n?
41
Let p = -165 + 438. Let z(h) = -49*h - 77. Let j be z(-9). What is the greatest common divisor of j and p?
91
Suppose 3*d + 5*m - 224 = 7*m, -3*m = -6. Calculate the highest common factor of 1862 and d.
38
Let f(b) = -11*b - 10*b - 5*b + 11*b + 2*b**2 + 52. Let c be f(5). What is the highest common divisor of 108 and c?
27
Let b(i) = 8*i**2 - 14 + 8 + i + 2 - i**3. Let w be b(7). Let n = -17 + w. What is the highest common divisor of n and 280?
35
Let c(w) = w**3 - 7*w**2 - 12*w - 9. Suppose -144 = z - 17*z. Let n be c(z). Let p = 59 - n. What is the greatest common factor of 2 and p?
2
Suppose 3*l + 2*l = 1220. Suppose 7*s - 3*s - l = 0. Suppose 29 + s = w. What is the greatest common factor of w and 18?
18
Let r(n) = -n**2 + 9*n - 3. Let b be r(8). Suppose 3*p = 7*p - 8, -b*y = -5*p - 450. Calculate the greatest common factor of 23 and y.
23
Let m = -21730 + 21732. What is the highest common divisor of 9742 and m?
2
Suppose 11*w - 35*w - 4686 = -166*w. What is the highest common divisor of 129 and w?
3
Let s(c) = -c - 3. Let i be (162/12)/(5/(-10)). Let y be s(i). Calculate the greatest common factor of 6 and y.
6
Let f(h) = h**2 - 4*h**3 + 4*h**3 - 4*h**3 + 3*h**3 + h. Let q be f(-2). Let i be 2/4 + -1 - 644/(-8). What is the greatest common factor of i and q?
10
Suppose -17033 = -330*d + 14141 + 2486. Calculate the highest common factor of 527 and d.
17
Suppose 3*k - o + 104 = 0, -o + 16 + 18 = -k. Let d = k + 67. Calculate the highest common divisor of 32 and d.
32
Let i = -511 - -884. Suppose -2*v = -2*r + 714, -r = -0*r + 3*v - i. What is the highest common factor of 19 and r?
19
Suppose 27*y - 3*b - 2784 = 22*y, 2*b - 1678 = -3*y. Calculate the greatest common factor of y and 450.
18
Suppose -6013126 = -162*f - 2251810. What is the highest common factor of 247 and f?
247
Let m(y) = -y - 23. Let z be m(-13). Let w be (-35)/z - 5/(-10). What is the greatest common factor of w and 20?
4
Let o(j) = -93*j + 2349. Let b be o(21). Calculate the highest common divisor of 6468 and b.
132
Let t be ((-20)/(-12))/(-40*(-7)/93744). Calculate the highest common factor of t and 1152.
18
Suppose 249*k - 26550 = -105*k. What is the highest common factor of 3475 and k?
25
Suppose -4*b = 2*c - 398, 3*c = -2*b - 171 + 372. Let w(j) = 33*j. Let y be w(4). Calculate the greatest common factor of y and b.
33
Let k(x) be the first derivative of -x**4/4 + 5*x**3 + 19*x**2/2 + 8*x + 19. Let o be k(16). What is the greatest common factor of 14 and o?
14
Let p be (624/5)/((-5)/(-25)). Suppose p = v + 2*v. Suppose 4*g - v = 2*l, 2*g - l = g + 53. What is the highest common divisor of 34 and g?
17
Let g(d) = 63*d**2 + 12*d - 67. Let k be g(-9). What is the greatest common factor of 14 and k?
14
Suppose -5*a - 5*j + 155 = 0, -3*a + 4*j + 0 = -79. Let w be 7/(7/a) - 6. Let d be 25 - (8/2 + -2). Calculate the highest common factor of w and d.
23
Let y(l) = -l**3 - 9*l**2 + 17*l - 59. Let s be y(-13). What is the highest common factor of s and 162?
18
Let c = -6717 - -6721. What is the greatest common factor of c and 5624?
4
Suppose -8*m + 192 = 8*m. Let b be m/21 + 15402/119. Calculate the highest common factor of b and 10.
10
Suppose 4*a - 9*a - o + 330 = 0, -5*a + 315 = 4*o. Let z = a - 62. What is the greatest common divisor of 35 and z?
5
Suppose -12 = -40*x + 36*x. Let w be (x - 2)/(18/162). Calculate the highest common divisor of w and 15.
3
Suppose -408 = -59*n + 55*n. Let s(d) = 2*d**3 + 2*d**2 - 5*d - 4. Let a be s(4). What is the greatest common divisor of a and n?
34
Suppose 3*a = x + 4*a + 4, -2*x - 18 = -3*a. Let s(m) = -2*m + 12. Let g be s(x). Let t = 8 + g. Calculate the highest common divisor of t and 16.
16
Let o(h) = -19*h**2 + 72*h + 149. Let w be o(5). Calculate the greatest common divisor of 10931 and w.
17
Let o = -7 - -10. Suppose 51 = 4*m + 3*v, m + 4*m = 3*v + 57. Suppose -12*a + 48 - m = 0. Calculate the highest common divisor of o and a.
3
Suppose -3575 = -4*o - 2*j - 235, 0 = -2*o + 5*j + 1694. What is the highest common factor of 465 and o?
93
Suppose 4*f = 4*p + 20, -3*f + 4*p + 8 = -2*f. Suppose -192 = -f*v + v. Let h = v - 37. Calculate the greatest common divisor of h and 54.
27
Let l be (296/(-12) + 1 + 2)*6/(-5). What is the highest common factor of 8 and l?
2
Let z be (70/(-3))/(27/(-81)). Let a = 399 + z. Calculate the greatest common factor of a and 67.
67
Suppose -4*k + 359 = -z, 0*k + 1077 = -3*z - 4*k. Let y = z + 386. What is the highest common divisor of y and 27?
27
Let a be (-11)/(-8)*6*(-12)/3. Let m = 50 + a. Calculate the highest common factor of 272 and m.
17
Let u be ((-118085)/(-100))/(4/16) + 48/30. Calculate the greatest common factor of 210 and u.
105
Let c(u) be the third derivative of u**4/2 - 2*u**3/3 + 3*u**2 + 7. Let w be c(1). What is the highest common factor of 296 and w?
8
Let g(h) = -11*h**2 - 62*h + 45. Let w be g(-5). Calculate the highest common factor of w and 3160.
40
Let m(h) = -63*h - 91. Let y be m(